{"id":3497,"date":"2021-03-20T17:56:33","date_gmt":"2021-03-20T16:56:33","guid":{"rendered":"http:\/\/www.sainteelisabeth-versailles.com\/seh\/?page_id=3497"},"modified":"2025-03-24T11:26:45","modified_gmt":"2025-03-24T10:26:45","slug":"nouveau-centre-paroissial","status":"publish","type":"page","link":"https:\/\/www.sainteelisabeth-versailles.com\/seh\/nouveau-centre-paroissial\/","title":{"rendered":"Nouveau centre paroissial"},"content":{"rendered":"<p style=\"text-align: center;\"><img decoding=\"async\" class=\"alignnone size-large wp-image-6033\" src=\"https:\/\/www.sainteelisabeth-versailles.com\/seh\/wp-content\/uploads\/2024\/06\/cse-1024x1024.jpg\" alt=\"\" width=\"100%\" srcset=\"https:\/\/www.sainteelisabeth-versailles.com\/seh\/wp-content\/uploads\/2024\/06\/cse-1024x1024.jpg 1024w, https:\/\/www.sainteelisabeth-versailles.com\/seh\/wp-content\/uploads\/2024\/06\/cse-150x150.jpg 150w, https:\/\/www.sainteelisabeth-versailles.com\/seh\/wp-content\/uploads\/2024\/06\/cse-300x300.jpg 300w, https:\/\/www.sainteelisabeth-versailles.com\/seh\/wp-content\/uploads\/2024\/06\/cse-768x768.jpg 768w, https:\/\/www.sainteelisabeth-versailles.com\/seh\/wp-content\/uploads\/2024\/06\/cse.jpg 1200w\" sizes=\"(max-width: 1024px) 100vw, 1024px\" \/><\/p>\n<p>&nbsp;<\/p>\n<p style=\"text-align: center;\"><strong>NOUVEAU CENTRE SAINTE \u00c9LISABETH<\/strong><\/p>\n<p>&nbsp;<\/p>\n<p style=\"text-align: center;\">Merci pour votre attention, votre enthousiasme et votre participation \u00e0 ce projet de construction de notre paroisse de demain !<\/p>\n<p style=\"text-align: center;\"><strong>Retrouvez les vid\u00e9os consacr\u00e9es \u00e0 l&rsquo;<a href=\"https:\/\/www.youtube.com\/watch?v=j1xFh0VlSrs&amp;ab_channel=ParoisseSainte-Elisabeth-Versailles\">inauguration<\/a>\u00a0et \u00e0 la <a href=\"https:\/\/www.youtube.com\/watch?v=GOr93eEtyOA&amp;ab_channel=ParoisseSainte-Elisabeth-Versailles\">journ\u00e9e portes ouvertes<\/a> de notre nouveau Centre Sainte\u00a0\u00c9lisabeth<\/strong><\/p>\n<p>&nbsp;<\/p>\n<table>\n<tbody>\n<tr>\n<td style=\"text-align: center;\"><img loading=\"lazy\" decoding=\"async\" class=\"alignnone wp-image-5968\" src=\"https:\/\/www.sainteelisabeth-versailles.com\/seh\/wp-content\/uploads\/2024\/05\/cse1.jpg\" alt=\"\" width=\"350\" height=\"264\" srcset=\"https:\/\/www.sainteelisabeth-versailles.com\/seh\/wp-content\/uploads\/2024\/05\/cse1.jpg 640w, https:\/\/www.sainteelisabeth-versailles.com\/seh\/wp-content\/uploads\/2024\/05\/cse1-300x226.jpg 300w\" sizes=\"auto, (max-width: 350px) 100vw, 350px\" \/><\/td>\n<td style=\"text-align: center;\"><img loading=\"lazy\" decoding=\"async\" class=\"alignnone wp-image-5969\" src=\"https:\/\/www.sainteelisabeth-versailles.com\/seh\/wp-content\/uploads\/2024\/05\/cse2-1024x768.jpg\" alt=\"\" width=\"350\" height=\"263\" srcset=\"https:\/\/www.sainteelisabeth-versailles.com\/seh\/wp-content\/uploads\/2024\/05\/cse2-1024x768.jpg 1024w, https:\/\/www.sainteelisabeth-versailles.com\/seh\/wp-content\/uploads\/2024\/05\/cse2-300x225.jpg 300w, https:\/\/www.sainteelisabeth-versailles.com\/seh\/wp-content\/uploads\/2024\/05\/cse2-768x576.jpg 768w, https:\/\/www.sainteelisabeth-versailles.com\/seh\/wp-content\/uploads\/2024\/05\/cse2.jpg 1200w\" sizes=\"auto, (max-width: 350px) 100vw, 350px\" \/><\/td>\n<\/tr>\n<tr>\n<td style=\"text-align: center;\"><img loading=\"lazy\" decoding=\"async\" class=\"alignnone wp-image-5970\" src=\"https:\/\/www.sainteelisabeth-versailles.com\/seh\/wp-content\/uploads\/2024\/05\/cse3-1024x768.jpg\" alt=\"\" width=\"350\" height=\"263\" srcset=\"https:\/\/www.sainteelisabeth-versailles.com\/seh\/wp-content\/uploads\/2024\/05\/cse3-1024x768.jpg 1024w, https:\/\/www.sainteelisabeth-versailles.com\/seh\/wp-content\/uploads\/2024\/05\/cse3-300x225.jpg 300w, https:\/\/www.sainteelisabeth-versailles.com\/seh\/wp-content\/uploads\/2024\/05\/cse3-768x576.jpg 768w, https:\/\/www.sainteelisabeth-versailles.com\/seh\/wp-content\/uploads\/2024\/05\/cse3.jpg 1200w\" sizes=\"auto, (max-width: 350px) 100vw, 350px\" \/><\/td>\n<td style=\"text-align: center;\"><img loading=\"lazy\" decoding=\"async\" class=\"alignnone wp-image-5972\" src=\"https:\/\/www.sainteelisabeth-versailles.com\/seh\/wp-content\/uploads\/2024\/05\/cse5-1024x768.jpg\" alt=\"\" width=\"350\" height=\"263\" srcset=\"https:\/\/www.sainteelisabeth-versailles.com\/seh\/wp-content\/uploads\/2024\/05\/cse5-1024x768.jpg 1024w, https:\/\/www.sainteelisabeth-versailles.com\/seh\/wp-content\/uploads\/2024\/05\/cse5-300x225.jpg 300w, https:\/\/www.sainteelisabeth-versailles.com\/seh\/wp-content\/uploads\/2024\/05\/cse5-768x576.jpg 768w, https:\/\/www.sainteelisabeth-versailles.com\/seh\/wp-content\/uploads\/2024\/05\/cse5.jpg 1200w\" sizes=\"auto, (max-width: 350px) 100vw, 350px\" \/><\/td>\n<\/tr>\n<\/tbody>\n<\/table>\n<p>&nbsp;<\/p>\n<p style=\"text-align: center;\">Retrouvez plus d&rsquo;infos sur la <a href=\"https:\/\/www.youtube.com\/@paroissesainte-elisabeth-v3192\">cha\u00eene de la paroisse<\/a> et sur le <a href=\"https:\/\/www.chantiersducardinal.fr\/actualites-des-projets\/inauguration-du-centre-paroissial-sainte-elisabeth-de-hongrie.html\">site des Chantiers du Cardinal<\/a>.<\/p>\n","protected":false},"excerpt":{"rendered":"<p>&nbsp; NOUVEAU CENTRE SAINTE \u00c9LISABETH &nbsp; Merci pour votre attention, votre enthousiasme et votre participation \u00e0 ce projet de construction de notre paroisse de demain ! Retrouvez les vid\u00e9os consacr\u00e9es \u00e0 l&rsquo;inauguration\u00a0et \u00e0 la journ\u00e9e portes ouvertes de notre nouveau Centre Sainte\u00a0\u00c9lisabeth &nbsp; &nbsp; Retrouvez plus d&rsquo;infos sur la cha\u00eene de la paroisse et sur [&hellip;]<\/p>\n","protected":false},"author":6,"featured_media":0,"parent":0,"menu_order":0,"comment_status":"closed","ping_status":"closed","template":"page-type.php","meta":{"footnotes":""},"class_list":["post-3497","page","type-page","status-publish","hentry"],"_links":{"self":[{"href":"https:\/\/www.sainteelisabeth-versailles.com\/seh\/wp-json\/wp\/v2\/pages\/3497","targetHints":{"allow":["GET"]}}],"collection":[{"href":"https:\/\/www.sainteelisabeth-versailles.com\/seh\/wp-json\/wp\/v2\/pages"}],"about":[{"href":"https:\/\/www.sainteelisabeth-versailles.com\/seh\/wp-json\/wp\/v2\/types\/page"}],"author":[{"embeddable":true,"href":"https:\/\/www.sainteelisabeth-versailles.com\/seh\/wp-json\/wp\/v2\/users\/6"}],"replies":[{"embeddable":true,"href":"https:\/\/www.sainteelisabeth-versailles.com\/seh\/wp-json\/wp\/v2\/comments?post=3497"}],"version-history":[{"count":104,"href":"https:\/\/www.sainteelisabeth-versailles.com\/seh\/wp-json\/wp\/v2\/pages\/3497\/revisions"}],"predecessor-version":[{"id":6435,"href":"https:\/\/www.sainteelisabeth-versailles.com\/seh\/wp-json\/wp\/v2\/pages\/3497\/revisions\/6435"}],"wp:attachment":[{"href":"https:\/\/www.sainteelisabeth-versailles.com\/seh\/wp-json\/wp\/v2\/media?parent=3497"}],"curies":[{"name":"wp","href":"https:\/\/api.w.org\/{rel}","templated":true}]}}