{"id":1180,"date":"2019-09-18T22:44:27","date_gmt":"2019-09-18T20:44:27","guid":{"rendered":"http:\/\/www.sainteelisabeth-versailles.com\/seh\/?page_id=1180"},"modified":"2023-11-06T17:56:49","modified_gmt":"2023-11-06T16:56:49","slug":"service-des-vocations","status":"publish","type":"page","link":"https:\/\/www.sainteelisabeth-versailles.com\/seh\/pour-les-jeunes\/service-des-vocations\/","title":{"rendered":"Service des vocations"},"content":{"rendered":"<p style=\"text-align: center;\">Dans l\u2019\u00c9glise, certains sont choisis et appel\u00e9s par le Christ pour devenir des pasteurs de son Peuple comme diacres, pr\u00eatres ou \u00e9v\u00eaques. D\u2019autres sont choisis et appel\u00e9s par le Christ pour le suivre dans la vie consacr\u00e9e comme religieuse ou religieux.<\/p>\n<p style=\"text-align: center;\">Contact\u2005: Service des Vocations, <a href=\"mailto:vocations@catholique78.fr\">vocations@catholique78.fr<\/a>\u00a0\/ 01\u200530\u200597\u200568\u200579<\/p>\n","protected":false},"excerpt":{"rendered":"<p>Dans l\u2019\u00c9glise, certains sont choisis et appel\u00e9s par le Christ pour devenir des pasteurs de son Peuple comme diacres, pr\u00eatres ou \u00e9v\u00eaques. D\u2019autres sont choisis et appel\u00e9s par le Christ pour le suivre dans la vie consacr\u00e9e comme religieuse ou religieux. Contact\u2005: Service des Vocations, vocations@catholique78.fr\u00a0\/ 01\u200530\u200597\u200568\u200579<\/p>\n","protected":false},"author":6,"featured_media":0,"parent":1155,"menu_order":10,"comment_status":"closed","ping_status":"closed","template":"page-type.php","meta":{"footnotes":""},"class_list":["post-1180","page","type-page","status-publish","hentry"],"_links":{"self":[{"href":"https:\/\/www.sainteelisabeth-versailles.com\/seh\/wp-json\/wp\/v2\/pages\/1180","targetHints":{"allow":["GET"]}}],"collection":[{"href":"https:\/\/www.sainteelisabeth-versailles.com\/seh\/wp-json\/wp\/v2\/pages"}],"about":[{"href":"https:\/\/www.sainteelisabeth-versailles.com\/seh\/wp-json\/wp\/v2\/types\/page"}],"author":[{"embeddable":true,"href":"https:\/\/www.sainteelisabeth-versailles.com\/seh\/wp-json\/wp\/v2\/users\/6"}],"replies":[{"embeddable":true,"href":"https:\/\/www.sainteelisabeth-versailles.com\/seh\/wp-json\/wp\/v2\/comments?post=1180"}],"version-history":[{"count":5,"href":"https:\/\/www.sainteelisabeth-versailles.com\/seh\/wp-json\/wp\/v2\/pages\/1180\/revisions"}],"predecessor-version":[{"id":5704,"href":"https:\/\/www.sainteelisabeth-versailles.com\/seh\/wp-json\/wp\/v2\/pages\/1180\/revisions\/5704"}],"up":[{"embeddable":true,"href":"https:\/\/www.sainteelisabeth-versailles.com\/seh\/wp-json\/wp\/v2\/pages\/1155"}],"wp:attachment":[{"href":"https:\/\/www.sainteelisabeth-versailles.com\/seh\/wp-json\/wp\/v2\/media?parent=1180"}],"curies":[{"name":"wp","href":"https:\/\/api.w.org\/{rel}","templated":true}]}}