{"id":1176,"date":"2019-09-18T22:43:08","date_gmt":"2019-09-18T20:43:08","guid":{"rendered":"http:\/\/www.sainteelisabeth-versailles.com\/seh\/?page_id=1176"},"modified":"2025-06-05T16:44:42","modified_gmt":"2025-06-05T14:44:42","slug":"le-scoutisme-scouts-et-guides-deurope","status":"publish","type":"page","link":"https:\/\/www.sainteelisabeth-versailles.com\/seh\/pour-les-jeunes\/le-scoutisme-scouts-et-guides-deurope\/","title":{"rendered":"Scoutisme (Guides et Scouts d\u2019Europe)"},"content":{"rendered":"<p style=\"text-align: center;\">V\u00e9ritable \u00e9cole de vie, le scoutisme aide nos enfants \u00e0 d\u00e9velopper toutes les composantes de leur personnalit\u00e9 selon 5 axes : <strong>la sant\u00e9 et le d\u00e9veloppement physique<\/strong>, <strong>le sens du concret<\/strong>, <strong>la formation du caract\u00e8re et la confiance en soi<\/strong>, <strong>le sens du service<\/strong> et <strong>le sens de Dieu<\/strong><\/p>\n<p style=\"text-align: center;\"><strong>Les Louveteaux et les Louvettes<\/strong><\/p>\n<p style=\"text-align: center;\">Sont des gar\u00e7ons et des filles de 8 \u00e0 12 ans r\u00e9unis en meute (les gar\u00e7ons) ou en clairi\u00e8re (les filles). Ils sont r\u00e9partis en sizaines (les blancs, les bruns, les noirs et les gris). Dans la p\u00e9dagogie des Scouts d\u2019Europe, les enfants apprennent en jouant dans l\u2019univers imaginaire du \u00ab\u00a0Livre de la Jungle\u00a0\u00bb de Kipling ; les chefs portant les noms des personnages du roman : Akela sera le chef de Meute, Bagheera le 1<sup>er<\/sup> assistant&#8230;<\/p>\n<p style=\"text-align: center;\"><strong>Les Scouts et les Guides<\/strong><\/p>\n<p style=\"text-align: center;\">A partir de 12-13 ans, la Troupe (pour les gar\u00e7ons) ou la Compagnie (pour les filles) est constitu\u00e9e de patrouilles de 8 adolescents au maximum. Chaque jeune se voit confier des responsabilit\u00e9s \u00e0 sa mesure, de fa\u00e7on progressive et adapt\u00e9e \u00e0 son \u00e2ge. L\u2019originalit\u00e9 de la m\u00e9thode scoute est de demeurer une \u00e9cole de l\u2019action et de la responsabilit\u00e9. Le groupe scout n\u2019est pas un lieu d\u2019enseignement de connaissances mais une communaut\u00e9 d\u2019apprentissage pratique de la vie par : la vie d\u2019\u00e9quipe, la vie dans la nature, le jeu.<\/p>\n<p style=\"text-align: center;\">Pour tout renseignement, n\u2019h\u00e9sitez pas \u00e0 contacter :<br \/>\n<span class=\"TextRun BCX2 SCXO191876113\" lang=\"EN-US\" xml:lang=\"EN-US\" data-contrast=\"auto\"><span class=\"NormalTextRun BCX2 SCXO191876113\">Marina Lougnon <\/span><\/span><a href=\"mailto:groupevingtquatre@gmail.com\">groupevingtquatre@gmail.com<\/a> pour les louvettes et guides de la <strong>XXIVe Versailles<\/strong>,<br \/>\nAstrid Coutansais\u00a0<a href=\"mailto:groupevingthuit@gmail.com\">groupevingthuit@gmail.com<\/a> pour les louvettes de la <strong>XXVIIIe Versailles<\/strong><br \/>\n<span class=\"TextRun BCX2 SCXO169227494\" lang=\"EN-US\" xml:lang=\"EN-US\" data-contrast=\"auto\"><span class=\"NormalTextRun BCX2 SCXO169227494\">Alain Lougnon <\/span><\/span><a href=\"mailto:groupe9versailles@gmail.com\">groupe9versailles@gmail.com<\/a> pour les louveteaux ou scouts de la <strong>IXe Versailles<\/strong>.<\/p>\n","protected":false},"excerpt":{"rendered":"<p>V\u00e9ritable \u00e9cole de vie, le scoutisme aide nos enfants \u00e0 d\u00e9velopper toutes les composantes de leur personnalit\u00e9 selon 5 axes : la sant\u00e9 et le d\u00e9veloppement physique, le sens du concret, la formation du caract\u00e8re et la confiance en soi, le sens du service et le sens de Dieu Les Louveteaux et les Louvettes Sont [&hellip;]<\/p>\n","protected":false},"author":6,"featured_media":0,"parent":1155,"menu_order":9,"comment_status":"closed","ping_status":"closed","template":"page-type.php","meta":{"footnotes":""},"class_list":["post-1176","page","type-page","status-publish","hentry"],"_links":{"self":[{"href":"https:\/\/www.sainteelisabeth-versailles.com\/seh\/wp-json\/wp\/v2\/pages\/1176","targetHints":{"allow":["GET"]}}],"collection":[{"href":"https:\/\/www.sainteelisabeth-versailles.com\/seh\/wp-json\/wp\/v2\/pages"}],"about":[{"href":"https:\/\/www.sainteelisabeth-versailles.com\/seh\/wp-json\/wp\/v2\/types\/page"}],"author":[{"embeddable":true,"href":"https:\/\/www.sainteelisabeth-versailles.com\/seh\/wp-json\/wp\/v2\/users\/6"}],"replies":[{"embeddable":true,"href":"https:\/\/www.sainteelisabeth-versailles.com\/seh\/wp-json\/wp\/v2\/comments?post=1176"}],"version-history":[{"count":15,"href":"https:\/\/www.sainteelisabeth-versailles.com\/seh\/wp-json\/wp\/v2\/pages\/1176\/revisions"}],"predecessor-version":[{"id":6652,"href":"https:\/\/www.sainteelisabeth-versailles.com\/seh\/wp-json\/wp\/v2\/pages\/1176\/revisions\/6652"}],"up":[{"embeddable":true,"href":"https:\/\/www.sainteelisabeth-versailles.com\/seh\/wp-json\/wp\/v2\/pages\/1155"}],"wp:attachment":[{"href":"https:\/\/www.sainteelisabeth-versailles.com\/seh\/wp-json\/wp\/v2\/media?parent=1176"}],"curies":[{"name":"wp","href":"https:\/\/api.w.org\/{rel}","templated":true}]}}