{"id":1128,"date":"2019-09-18T21:50:39","date_gmt":"2019-09-18T19:50:39","guid":{"rendered":"http:\/\/www.sainteelisabeth-versailles.com\/seh\/?page_id=1128"},"modified":"2025-09-01T15:17:39","modified_gmt":"2025-09-01T13:17:39","slug":"bibliotheque-paroissiale","status":"publish","type":"page","link":"https:\/\/www.sainteelisabeth-versailles.com\/seh\/activites\/bibliotheque-paroissiale\/","title":{"rendered":"Se ressourcer"},"content":{"rendered":"\n<p class=\"has-text-align-center\"><strong>Adoration<\/strong><\/p>\n\n\n\n<div style=\"height:0px\" aria-hidden=\"true\" class=\"wp-block-spacer\"><\/div>\n\n\n\n<p class=\"has-text-align-center\">Comme une prolongation de la c\u00e9l\u00e9bration eucharistique, se laisser envelopper de l\u2019amour du Christ et lui parler c\u0153ur \u00e0 c\u0153ur. Le vendredi toute la journ\u00e9e, et le dimanche soir, \u00e0 la chapelle du cur\u00e9 d\u2019Ars dans l\u2019\u00e9glise. Retrouvez les horaires actualis\u00e9s sur <a href=\"https:\/\/www.sainteelisabeth-versailles.com\/seh\/presentation-de-la-paroisse\/coordonnees\/\">la page d\u00e9di\u00e9e<\/a>.<\/p>\n\n\n\n<div style=\"height:0px\" aria-hidden=\"true\" class=\"wp-block-spacer\"><\/div>\n\n\n\n<p class=\"has-text-align-center\">Contact\u2005: Mich\u00e8le de Tugny <a href=\"mailto:micheledetugny@hotmail.fr\">micheledetugny@hotmail.fr<\/a>&nbsp;\/ 01\u200539\u200502\u200505\u200581<\/p>\n\n\n\n<hr class=\"wp-block-separator has-alpha-channel-opacity\"\/>\n\n\n\n<p class=\"has-text-align-center\"><strong>Groupe de louange Sainte C\u00e9cile<\/strong><\/p>\n\n\n\n<div style=\"height:0px\" aria-hidden=\"true\" class=\"wp-block-spacer\"><\/div>\n\n\n\n<div style=\"text-align: center;\">Pour porter notre paroisse et la f\u00e9condit\u00e9 de sa mission : Soir\u00e9e de louange &#8211; prendre une pause pour louer le Seigneur, \u00e9couter la parole de Dieu et adorer le Saint Sacrement. Tous les 15 jours de 20h30 \u00e0 21h30 \u00e0 l\u2019\u00e9glise.<\/div>\n\n\n\n<div style=\"text-align: center;\">Contact\u2005:\u00a0<a id=\"m_2828530909773242947m_-5271321182895599772OWA37dd9188-5e8c-0cf3-3d7d-3b5cf7c3a181\" href=\"mailto:groupestececile@gmail.com\" target=\"_blank\" rel=\"noopener\">groupestececile@gmail.com<\/a><\/div>\n\n\n<div class=\"wp-block-image\">\n<figure class=\"aligncenter size-large is-resized\"><img loading=\"lazy\" decoding=\"async\" width=\"724\" height=\"1024\" src=\"https:\/\/www.sainteelisabeth-versailles.com\/seh\/wp-content\/uploads\/2025\/09\/Ste-Cecile-25-26-724x1024.png\" alt=\"\" class=\"wp-image-6786\" style=\"width:597px;height:auto\" srcset=\"https:\/\/www.sainteelisabeth-versailles.com\/seh\/wp-content\/uploads\/2025\/09\/Ste-Cecile-25-26-724x1024.png 724w, https:\/\/www.sainteelisabeth-versailles.com\/seh\/wp-content\/uploads\/2025\/09\/Ste-Cecile-25-26-212x300.png 212w, https:\/\/www.sainteelisabeth-versailles.com\/seh\/wp-content\/uploads\/2025\/09\/Ste-Cecile-25-26-768x1086.png 768w, https:\/\/www.sainteelisabeth-versailles.com\/seh\/wp-content\/uploads\/2025\/09\/Ste-Cecile-25-26-1086x1536.png 1086w, https:\/\/www.sainteelisabeth-versailles.com\/seh\/wp-content\/uploads\/2025\/09\/Ste-Cecile-25-26-1448x2048.png 1448w, https:\/\/www.sainteelisabeth-versailles.com\/seh\/wp-content\/uploads\/2025\/09\/Ste-Cecile-25-26.png 1587w\" sizes=\"auto, (max-width: 724px) 100vw, 724px\" \/><\/figure>\n<\/div>\n\n\n<p class=\"has-text-align-center\"><\/p>\n\n\n\n<hr class=\"wp-block-separator has-alpha-channel-opacity\"\/>\n\n\n\n<p class=\"has-text-align-center\"><strong>Pr\u00e9paration spirituelle \u00e0 la naissance<\/strong><\/p>\n\n\n\n<div style=\"height:0px\" aria-hidden=\"true\" class=\"wp-block-spacer\"><\/div>\n\n\n\n<p class=\"has-text-align-center\">La grossesse est un temps particulier qui oblige \u00e0 changer de rythme. O\u00f9 vous devez prendre soin de vous et de ce petit autre. C\u2019est un moment privil\u00e9gi\u00e9 pour se placer sous le regard de Dieu. Seule ou en couple, ouvrir son c\u0153ur \u00e0 l&rsquo;accueil spirituel de l\u2019enfant, et r\u00e9fl\u00e9chir autour du \u00ab tout-petit \u00bb dans le sein de sa maman.<\/p>\n\n\n\n<div style=\"height:0px\" aria-hidden=\"true\" class=\"wp-block-spacer\"><\/div>\n\n\n\n<p class=\"has-text-align-center\">Contact et inscription : Christine de la Roch\u00e8re : <a href=\"mailto:ccdelarochere@yahoo.fr\">ccdelarochere@yahoo.fr<\/a> \/ 0616727833 ou Catherine Coustaury <a href=\"mailto:catherine.coustaury@gmail.com\">catherine.coustaury@gmail.com<\/a> \/ 0633978533<\/p>\n\n\n\n<div style=\"height:0px\" aria-hidden=\"true\" class=\"wp-block-spacer\"><\/div>\n\n\n<div class=\"wp-block-image\">\n<figure class=\"aligncenter is-resized\"><img loading=\"lazy\" decoding=\"async\" width=\"394\" height=\"558\" src=\"https:\/\/www.sainteelisabeth-versailles.com\/seh\/wp-content\/uploads\/2023\/11\/preparation-naissance.png\" alt=\"\" class=\"wp-image-5686\" style=\"width:602px;height:auto\" srcset=\"https:\/\/www.sainteelisabeth-versailles.com\/seh\/wp-content\/uploads\/2023\/11\/preparation-naissance.png 394w, https:\/\/www.sainteelisabeth-versailles.com\/seh\/wp-content\/uploads\/2023\/11\/preparation-naissance-212x300.png 212w\" sizes=\"auto, (max-width: 394px) 100vw, 394px\" \/><\/figure>\n<\/div>","protected":false},"excerpt":{"rendered":"<p>Adoration Comme une prolongation de la c\u00e9l\u00e9bration eucharistique, se laisser envelopper de l\u2019amour du Christ et lui parler c\u0153ur \u00e0 c\u0153ur. Le vendredi toute la journ\u00e9e, et le dimanche soir, \u00e0 la chapelle du cur\u00e9 d\u2019Ars dans l\u2019\u00e9glise. Retrouvez les horaires actualis\u00e9s sur la page d\u00e9di\u00e9e. Contact\u2005: Mich\u00e8le de Tugny micheledetugny@hotmail.fr&nbsp;\/ 01\u200539\u200502\u200505\u200581 Groupe de louange [&hellip;]<\/p>\n","protected":false},"author":6,"featured_media":0,"parent":1123,"menu_order":2,"comment_status":"closed","ping_status":"closed","template":"page-type.php","meta":{"footnotes":""},"class_list":["post-1128","page","type-page","status-publish","hentry"],"_links":{"self":[{"href":"https:\/\/www.sainteelisabeth-versailles.com\/seh\/wp-json\/wp\/v2\/pages\/1128","targetHints":{"allow":["GET"]}}],"collection":[{"href":"https:\/\/www.sainteelisabeth-versailles.com\/seh\/wp-json\/wp\/v2\/pages"}],"about":[{"href":"https:\/\/www.sainteelisabeth-versailles.com\/seh\/wp-json\/wp\/v2\/types\/page"}],"author":[{"embeddable":true,"href":"https:\/\/www.sainteelisabeth-versailles.com\/seh\/wp-json\/wp\/v2\/users\/6"}],"replies":[{"embeddable":true,"href":"https:\/\/www.sainteelisabeth-versailles.com\/seh\/wp-json\/wp\/v2\/comments?post=1128"}],"version-history":[{"count":31,"href":"https:\/\/www.sainteelisabeth-versailles.com\/seh\/wp-json\/wp\/v2\/pages\/1128\/revisions"}],"predecessor-version":[{"id":6787,"href":"https:\/\/www.sainteelisabeth-versailles.com\/seh\/wp-json\/wp\/v2\/pages\/1128\/revisions\/6787"}],"up":[{"embeddable":true,"href":"https:\/\/www.sainteelisabeth-versailles.com\/seh\/wp-json\/wp\/v2\/pages\/1123"}],"wp:attachment":[{"href":"https:\/\/www.sainteelisabeth-versailles.com\/seh\/wp-json\/wp\/v2\/media?parent=1128"}],"curies":[{"name":"wp","href":"https:\/\/api.w.org\/{rel}","templated":true}]}}

<p class="has-text-align-center"><strong>Adoration</strong></p>



<div style="height:0px" aria-hidden="true" class="wp-block-spacer"></div>



<p class="has-text-align-center">Comme une prolongation de la célébration eucharistique, se laisser envelopper de l’amour du Christ et lui parler cœur à cœur. Le vendredi toute la journée, et le dimanche soir, à la chapelle du curé d’Ars dans l’église. Retrouvez les horaires actualisés sur <a href="https://www.sainteelisabeth-versailles.com/seh/presentation-de-la-paroisse/coordonnees/">la page dédiée</a>.</p>



<div style="height:0px" aria-hidden="true" class="wp-block-spacer"></div>



<p class="has-text-align-center">Contact : Michèle de Tugny <a href="mailto:micheledetugny@hotmail.fr">micheledetugny@hotmail.fr</a>&nbsp;/ 01 39 02 05 81</p>



<hr class="wp-block-separator has-alpha-channel-opacity"/>



<p class="has-text-align-center"><strong>Groupe de louange Sainte Cécile</strong></p>



<div style="height:0px" aria-hidden="true" class="wp-block-spacer"></div>



<div style="text-align: center;">Pour porter notre paroisse et la fécondité de sa mission : Soirée de louange &#8211; prendre une pause pour louer le Seigneur, écouter la parole de Dieu et adorer le Saint Sacrement. Tous les 15 jours de 20h30 à 21h30 à l’église.</div>



<div style="text-align: center;">Contact : <a id="m_2828530909773242947m_-5271321182895599772OWA37dd9188-5e8c-0cf3-3d7d-3b5cf7c3a181" href="mailto:groupestececile@gmail.com" target="_blank" rel="noopener">groupestececile@gmail.com</a></div>


<div class="wp-block-image">
<figure class="aligncenter size-large is-resized"><img loading="lazy" decoding="async" width="724" height="1024" src="https://www.sainteelisabeth-versailles.com/seh/wp-content/uploads/2025/09/Ste-Cecile-25-26-724x1024.png" alt="" class="wp-image-6786" style="width:597px;height:auto" srcset="https://www.sainteelisabeth-versailles.com/seh/wp-content/uploads/2025/09/Ste-Cecile-25-26-724x1024.png 724w, https://www.sainteelisabeth-versailles.com/seh/wp-content/uploads/2025/09/Ste-Cecile-25-26-212x300.png 212w, https://www.sainteelisabeth-versailles.com/seh/wp-content/uploads/2025/09/Ste-Cecile-25-26-768x1086.png 768w, https://www.sainteelisabeth-versailles.com/seh/wp-content/uploads/2025/09/Ste-Cecile-25-26-1086x1536.png 1086w, https://www.sainteelisabeth-versailles.com/seh/wp-content/uploads/2025/09/Ste-Cecile-25-26-1448x2048.png 1448w, https://www.sainteelisabeth-versailles.com/seh/wp-content/uploads/2025/09/Ste-Cecile-25-26.png 1587w" sizes="auto, (max-width: 724px) 100vw, 724px" /></figure>
</div>


<p class="has-text-align-center"></p>



<hr class="wp-block-separator has-alpha-channel-opacity"/>



<p class="has-text-align-center"><strong>Préparation spirituelle à la naissance</strong></p>



<div style="height:0px" aria-hidden="true" class="wp-block-spacer"></div>



<p class="has-text-align-center">La grossesse est un temps particulier qui oblige à changer de rythme. Où vous devez prendre soin de vous et de ce petit autre. C’est un moment privilégié pour se placer sous le regard de Dieu. Seule ou en couple, ouvrir son cœur à l&rsquo;accueil spirituel de l’enfant, et réfléchir autour du « tout-petit » dans le sein de sa maman.</p>



<div style="height:0px" aria-hidden="true" class="wp-block-spacer"></div>



<p class="has-text-align-center">Contact et inscription : Christine de la Rochère : <a href="mailto:ccdelarochere@yahoo.fr">ccdelarochere@yahoo.fr</a> / 0616727833 ou Catherine Coustaury <a href="mailto:catherine.coustaury@gmail.com">catherine.coustaury@gmail.com</a> / 0633978533</p>



<div style="height:0px" aria-hidden="true" class="wp-block-spacer"></div>


<div class="wp-block-image">
<figure class="aligncenter is-resized"><img loading="lazy" decoding="async" width="394" height="558" src="https://www.sainteelisabeth-versailles.com/seh/wp-content/uploads/2023/11/preparation-naissance.png" alt="" class="wp-image-5686" style="width:602px;height:auto" srcset="https://www.sainteelisabeth-versailles.com/seh/wp-content/uploads/2023/11/preparation-naissance.png 394w, https://www.sainteelisabeth-versailles.com/seh/wp-content/uploads/2023/11/preparation-naissance-212x300.png 212w" sizes="auto, (max-width: 394px) 100vw, 394px" /></figure>
</div>

<p>Adoration Comme une prolongation de la célébration eucharistique, se laisser envelopper de l’amour du Christ et lui parler cœur à cœur. Le vendredi toute la journée, et le dimanche soir, à la chapelle du curé d’Ars dans l’église. Retrouvez les horaires actualisés sur la page dédiée. Contact : Michèle de Tugny micheledetugny@hotmail.fr&nbsp;/ 01 39 02 05 81 Groupe de louange [&hellip;]</p>
