{"id":1126,"date":"2019-09-18T21:49:22","date_gmt":"2019-09-18T19:49:22","guid":{"rendered":"http:\/\/www.sainteelisabeth-versailles.com\/seh\/?page_id=1126"},"modified":"2025-03-24T12:14:52","modified_gmt":"2025-03-24T11:14:52","slug":"nourrir-sa-foi","status":"publish","type":"page","link":"https:\/\/www.sainteelisabeth-versailles.com\/seh\/activites\/nourrir-sa-foi\/","title":{"rendered":"Mouvements de vie spirituelle"},"content":{"rendered":"<p style=\"text-align: center;\"><strong>\u00c9quipes Nazareth (pour les jeunes couples)<\/strong><\/p>\n<p>&nbsp;<\/p>\n<p style=\"text-align: center;\">Jeune couple de moins de 5 ans de vie conjugale, vous souhaitez entretenir des fondations solides pour votre vie de couple, de famille et de foi ? Bonne nouvelle : les \u00e9quipes Nazareth s&rsquo;adressent \u00e0 vous !\u00a0Au programme : \u00e9changes en couple et entre couples, week-end de retraite et entraide. Contact : <a href=\"mailto:jeunescouples.sainteelisabeth@gmail.com\">jeunescouples.sainteelisabeth@gmail.com<\/a><\/p>\n<hr \/>\n<p style=\"text-align: center;\"><strong>\u00c9quipes Notre-Dame (END)<\/strong><\/p>\n<p>&nbsp;<\/p>\n<p style=\"text-align: center;\">Mouvement chr\u00e9tien pour les couples <a href=\"http:\/\/www.equipes-notre-dame.fr\">www.equipes-notre-dame.fr<\/a><\/p>\n<hr \/>\n<p style=\"text-align: center;\"><strong>Associations Familiales Catholiques<\/strong><\/p>\n<p>&nbsp;<\/p>\n<p style=\"text-align: center;\">Au service de la famille \u00e0 la lumi\u00e8re de l\u2019enseignement de l\u2019\u00c9glise : <a href=\"http:\/\/www.afc-france.org\">www.afc-france.org<\/a><\/p>\n<hr \/>\n<p style=\"text-align: center;\"><strong>Les Entrepreneurs et Dirigeants Chr\u00e9tiens (EDC)<\/strong><\/p>\n<p>&nbsp;<\/p>\n<p style=\"text-align: center;\">Soutenir sa mission de dirigeants \u00e0 la lumi\u00e8re de l\u2019\u00c9vangile : <a href=\"http:\/\/www.lesedc.org\">http:\/\/www.lesedc.org<\/a><\/p>\n<hr \/>\n<p style=\"text-align: center;\"><strong>Esp\u00e9rance et Vie (pour les personnes veuves)<\/strong><\/p>\n<p>&nbsp;<\/p>\n<p style=\"text-align: center;\">Quels que soient l\u2019\u00e2ge et la dur\u00e9e du veuvage, r\u00e9confort moral et spirituel gr\u00e2ce \u00e0 des propositions nouvelles et vari\u00e9es (rencontres \u00e0 th\u00e8me, temps forts spirituels, soutien individuel, etc.). Contact : Quidi de Saint Sauveur <a href=\"mailto:quidi.desaintsauveur@gmail.com\">quidi.desaintsauveur@gmail.com<\/a> \/ 06 25 23 46 01<\/p>\n<hr \/>\n<p style=\"text-align: center;\"><strong>Parcours Zach\u00e9e<\/strong><\/p>\n<p>&nbsp;<\/p>\n<p style=\"text-align: center;\">Le parcours Zach\u00e9e est une initiative pastorale qui propose \u00e0 tous une approche accessible et concr\u00e8te de la doctrine sociale de l\u2019\u00c9glise. C\u2019est un parcours de (trans)formation pour apprendre \u00e0 vivre en chr\u00e9tien tous les jours, quelle que soit notre activit\u00e9. Plus d\u2019infos sur <a href=\"http:\/\/www.zachee.com\">www.zachee.com<\/a>. Contacts : Paul et V\u00e9ronique Clavier <a href=\"mailto:zachee.versailles@gmail.com\">zachee.versailles@gmail.com<\/a> \/ 06 34 72 71 63 et 06 99 33 45 36<\/p>\n<hr \/>\n<p style=\"text-align: center;\"><strong>Communaut\u00e9 de vie chr\u00e9tienne (CVX)<\/strong><\/p>\n<p>&nbsp;<\/p>\n<p style=\"text-align: center;\">La Communaut\u00e9 de Vie Chr\u00e9tienne (CVX) est mondiale. C\u2019est une association catholique pr\u00e9sente sur les cinq continents dans une soixantaine de pays. Nos membres sont des personnes (femmes et hommes, adultes et jeunes, de tous \u00e9tats de vie et conditions sociales) qui veulent marcher \u00e0 la suite de J\u00e9sus-Christ et travailler \u00e0 la construction d\u2019un monde plus juste et fraternel.<\/p>\n<p>&nbsp;<\/p>\n<p style=\"text-align: center;\">Nous nous r\u00e9unissons en petites \u00e9quipes, les communaut\u00e9s locales, qui font partie de plus larges communaut\u00e9s, r\u00e9gionales et nationales, mondiales. Avec la pri\u00e8re et le partage de nos quotidiens, toutes les trois semaines, nous nous aidons \u00e0 d\u00e9couvrir comment Dieu parle \u00e0 chacun. Comme Ignace de Loyola l\u2019enseigne dans les exercices spirituels, nous apprenons \u00e0 prendre petites et grandes d\u00e9cisions en regardant la fa\u00e7on dont J\u00e9sus a lui-m\u00eame agi.<\/p>\n<p>&nbsp;<\/p>\n<p style=\"text-align: center;\">Pour plus d&rsquo;informations, consulter le site internet de CVX France : <a href=\"http:\/\/www.cvxfrance.com\">www.cvxfrance.com<\/a>. Contact : Marie-Christine Laufer T\u00e9l. : 06 42 91 75 77 \/ <a href=\"mailto:mariec.laufer@gmail.com\">mariec.laufer@gmail.com<\/a><\/p>\n","protected":false},"excerpt":{"rendered":"<p>\u00c9quipes Nazareth (pour les jeunes couples) &nbsp; Jeune couple de moins de 5 ans de vie conjugale, vous souhaitez entretenir des fondations solides pour votre vie de couple, de famille et de foi ? Bonne nouvelle : les \u00e9quipes Nazareth s&rsquo;adressent \u00e0 vous !\u00a0Au programme : \u00e9changes en couple et entre couples, week-end de retraite [&hellip;]<\/p>\n","protected":false},"author":6,"featured_media":0,"parent":1123,"menu_order":1,"comment_status":"closed","ping_status":"closed","template":"page-type.php","meta":{"footnotes":""},"class_list":["post-1126","page","type-page","status-publish","hentry"],"_links":{"self":[{"href":"https:\/\/www.sainteelisabeth-versailles.com\/seh\/wp-json\/wp\/v2\/pages\/1126","targetHints":{"allow":["GET"]}}],"collection":[{"href":"https:\/\/www.sainteelisabeth-versailles.com\/seh\/wp-json\/wp\/v2\/pages"}],"about":[{"href":"https:\/\/www.sainteelisabeth-versailles.com\/seh\/wp-json\/wp\/v2\/types\/page"}],"author":[{"embeddable":true,"href":"https:\/\/www.sainteelisabeth-versailles.com\/seh\/wp-json\/wp\/v2\/users\/6"}],"replies":[{"embeddable":true,"href":"https:\/\/www.sainteelisabeth-versailles.com\/seh\/wp-json\/wp\/v2\/comments?post=1126"}],"version-history":[{"count":20,"href":"https:\/\/www.sainteelisabeth-versailles.com\/seh\/wp-json\/wp\/v2\/pages\/1126\/revisions"}],"predecessor-version":[{"id":6447,"href":"https:\/\/www.sainteelisabeth-versailles.com\/seh\/wp-json\/wp\/v2\/pages\/1126\/revisions\/6447"}],"up":[{"embeddable":true,"href":"https:\/\/www.sainteelisabeth-versailles.com\/seh\/wp-json\/wp\/v2\/pages\/1123"}],"wp:attachment":[{"href":"https:\/\/www.sainteelisabeth-versailles.com\/seh\/wp-json\/wp\/v2\/media?parent=1126"}],"curies":[{"name":"wp","href":"https:\/\/api.w.org\/{rel}","templated":true}]}}